git of 15004084?
4
What is the tens digit of 20774670?
7
What is the millions digit of 3121269?
3
What is the ten thousands digit of 176698?
7
What is the hundred thousands digit of 525505?
5
What is the ten thousands digit of 441125?
4
What is the tens digit of 20394060?
6
What is the hundreds digit of 13441146?
1
What is the hundreds digit of 188079?
0
What is the thousands digit of 2323330?
3
What is the thousands digit of 5385754?
5
What is the ten thousands digit of 416512?
1
What is the hundred thousands digit of 328205?
3
What is the millions digit of 1794656?
1
What is the thousands digit of 1288538?
8
What is the units digit of 492675?
5
What is the ten thousands digit of 28744?
2
What is the hundreds digit of 21336?
3
What is the hundred thousands digit of 131196?
1
What is the thousands digit of 173986?
3
What is the millions digit of 18394133?
8
What is the ten thousands digit of 13477269?
7
What is the hundreds digit of 1518613?
6
What is the ten thousands digit of 21024?
2
What is the tens digit of 3197623?
2
What is the ten millions digit of 28152015?
2
What is the hundreds digit of 269630?
6
What is the hundreds digit of 19274415?
4
What is the millions digit of 7070276?
7
What is the tens digit of 896059?
5
What is the thousands digit of 515195?
5
What is the hundreds digit of 3577405?
4
What is the units digit of 147711?
1
What is the ten thousands digit of 6994677?
9
What is the thousands digit of 24320652?
0
What is the units digit of 1248450?
0
What is the thousands digit of 3029151?
9
What is the tens digit of 1371401?
0
What is the millions digit of 3082465?
3
What is the tens digit of 48430?
3
What is the ten thousands digit of 586411?
8
What is the tens digit of 3531586?
8
What is the ten thousands digit of 88950?
8
What is the thousands digit of 17338116?
8
What is the ten thousands digit of 280107?
8
What is the thousands digit of 25513?
5
What is the thousands digit of 202674?
2
What is the millions digit of 2183413?
2
What is the units digit of 4706684?
4
What is the hundreds digit of 3074301?
3
What is the tens digit of 20483?
8
What is the tens digit of 1147825?
2
What is the thousands digit of 1828230?
8
What is the hundred thousands digit of 1893626?
8
What is the thousands digit of 263293?
3
What is the units digit of 3864235?
5
What is the tens digit of 302921?
2
What is the units digit of 22829600?
0
What is the hundreds digit of 587050?
0
What is the tens digit of 1475211?
1
What is the tens digit of 3957873?
7
What is the millions digit of 1314017?
1
What is the hundred thousands digit of 1919955?
9
What is the tens digit of 561564?
6
What is the ten thousands digit of 40848?
4
What is the ten thousands digit of 181677?
8
What is the units digit of 11450810?
0
What is the thousands digit of 1147050?
7
What is the ten thousands digit of 685299?
8
What is the units digit of 130976?
6
What is the tens digit of 150410?
1
What is the units digit of 811674?
4
What is the tens digit of 737533?
3
What is the units digit of 352780?
0
What is the hundred thousands digit of 148333?
1
What is the hundreds digit of 12889267?
2
What is the tens digit of 4904861?
6
What is the hundred thousands digit of 863008?
8
What is the thousands digit of 1798255?
8
What is the tens digit of 188412?
1
What is the hundred thousands digit of 1707680?
7
What is the ten thousands digit of 20107092?
0
What is the tens digit of 4043472?
7
What is the thousands digit of 2903058?
3
What is the hundred thousands digit of 4224601?
2
What is the thousands digit of 171701?
1
What is the units digit of 728639?
9
What is the millions digit of 4352129?
4
What is the hundreds digit of 5861940?
9
What is the tens digit of 128535?
3
What is the tens digit of 3684158?
5
What is the ten thousands digit of 9974269?
7
What is the millions digit of 26777356?
6
What is the hundreds digit of 1356346?
3
What is the ten thousands digit of 1553567?
5
What is the hundreds digit of 379180?
1
What is the thousands digit of 653663?
3
What is the thousands digit of 671432?
1
What is the tens digit of 334359?
5
What is the millions digit of 1582117?
1
What is the hundreds digit of 3075913?
9
What is the hundred thousands digit of 338243?
3
What is the hundreds digit of 893619?
6
What is the ten millions digit of 17606716?
1
What is the hundreds digit of 10158?
1
What is the ten thousands digit of 99668?
9
What is the hundreds digit of 528906?
9
What is the ten thousands digit of 6027449?
2
What is the hundred thousands digit of 3862534?
8
What is the ten thousands digit of 1476990?
7
What is the tens digit of 1057147?
4
What is the tens digit of 10646?
4
What is the units digit of 5654094?
4
What is the tens digit of 12875451?
5
What is the hundred thousands digit of 11716335?
7
What is the ten thousands digit of 43928?
4
What is the hundred thousands digit of 113993?
1
What is the ten thousands digit of 206215?
0
What is the thousands digit of 351755?
1
What is the hundred thousands digit of 306787?
3
What is the hundreds digit of 635815?
8
What is the units digit of 1348068?
8
What is the thousands digit of 819101?
9
What is the hundreds digit of 248689?
6
What is the tens digit of 1092167?
6
What is the ten thousands digit of 48948?
4
What is the hundreds digit of 685333?
3
What is the tens digit of 14731940?
4
What is the units digit of 21644063?
3
What is the hundred thousands digit of 13330106?
3
What is the hundreds digit of 453596?
5
What is the hundred thousands digit of 325498?
3
What is the tens digit of 193735?
3
What is the millions digit of 30544544?
0
What is the hundred thousands digit of 811201?
8
What is the tens digit of 17943428?
2
What is the thousands digit of 2921469?
1
What is the tens digit of 1818746?
4
What is the tens digit of 12061199?
9
What is the hundreds digit of 5729655?
6
What is the units digit of 4285729?
9
What is the ten thousands digit of 3874172?
7
What is the thousands digit of 626615?
6
What is the tens digit of 4876?
7
What is the hundred thousands digit of 2282210?
2
What is the millions digit of 1254961?
1
What is the ten thousands digit of 472013?
7
What is the tens digit of 2798202?
0
What is the tens digit of 865001?
0
What is the ten thousands digit of 390046?
9
What is the hundreds digit of 576648?
6
What is the tens digit of 6876?
7
What is the hundreds digit of 46181?
1
What is the hundred thousands digit of 778889?
7
What is the units digit of 1245057?
7
What is the thousands digit of 280195?
0
What is the hundreds digit of 5323460?
4
What is the units digit of 71217?
7
What is the units digit of 3404407?
7
What is the units digit of 212431?
1
What is the ten thousands digit of 658251?
5
What is the ten thousands digit of 569769?
6
What is the tens digit of 226394?
9
What is the units digit of 12643689?
9
What is the hundred thousands digit of 757900?
7
What is the hundreds digit of 188935?
9
What is the tens digit of 214128?
2
What is the thousands digit of 3012827?
2
What is the hundred thousands digit of 615874?
6
What is the units digit of 250902?
2
What is the hundreds digit of 13398?
3
What is the hundreds digit of 173177?
1
What is the ten thousands digit of 839687?
3
What is the tens digit of 1381656?
5
What is the units digit of 458977?
7
What is the hundred thousands digit of 2939337?
9
What is the units digit of 1850467?
7
What is the thousands digit of 381567?
1
What is the tens digit of 546533?
3
What is the hundred thousands digit of 503991?
5
What is the tens digit of 870317?
1
What is the hundred thousands digit of 1463818?
4
What is the ten thousands digit of 4127486?
2
What is the thousands digit of 352341?
2
What is the units digit of 3068485?
5
What is the hundreds digit of 19492645?
6
What is the hundred thousands digit of 5042688?
0
What is the thousands digit of 16686066?
6
What is the units digit of 462439?
9
What is the hundreds digit of 17574007?
0
What is the ten thousands digit of 877362?
7
What is the millions digit of 2214456?
2
What is the ten thousands digit of 1111685?
1
What is the hundreds digit of 8106834?
8
What is the hundreds digit of 505371?
3
What is the hundreds digit of 99284?
2
What is the hundreds digit of 166108?
1
What is the thousands digit of 1339981?
9
What i